{"id":15725,"date":"2026-01-15T23:16:13","date_gmt":"2026-01-15T22:16:13","guid":{"rendered":"https:\/\/sunay.pe\/?post_type=product&#038;p=15725"},"modified":"2026-01-22T21:20:31","modified_gmt":"2026-01-22T20:20:31","slug":"box-rosas-lia","status":"publish","type":"product","link":"https:\/\/sunay.pe\/index.php\/product\/box-rosas-lia\/","title":{"rendered":"Box Rosas L\u00eda"},"content":{"rendered":"<p>* 04 rosas en vela en color blanco<\/p>\n<p>* 01 coraz\u00f3n de vela en color blanco<\/p>\n<p>* 06 botones de tulipanes en co\u2022or blanco<\/p>\n<p>* 01 lazo verde<\/p>\n<p>* 02 tarjeta de dedicatoria<\/p>\n<p>* Dimensiones del box: 22 cm x 38 cm aprox.<\/p>\n<p>* Caja de acetato transparente<\/p>\n<p>* Imagen referencial, puede variar \u00edligeramente<\/p>\n<p>* Producto exclusiv<strong>o de Su\u00f1ay Per\u00fa <\/strong><\/p>\n","protected":false},"excerpt":{"rendered":"<p>La combinaci\u00f3n de rosas y tulipanes simboliza <strong>amor, elegancia y ternura<\/strong>, lo que los convierte en el detalle perfecto! Este lindo detalle est\u00e1 elaborados de forma artesanal, combinando dise\u00f1o premium, delicadeza y larga duraci\u00f3n.<\/p>\n","protected":false},"featured_media":15760,"comment_status":"open","ping_status":"closed","template":"","meta":[],"product_cat":[21],"product_tag":[],"class_list":{"0":"post-15725","1":"product","2":"type-product","3":"status-publish","4":"has-post-thumbnail","6":"product_cat-navidad","8":"first","9":"instock","10":"sale","11":"shipping-taxable","12":"purchasable","13":"product-type-simple"},"_links":{"self":[{"href":"https:\/\/sunay.pe\/index.php\/wp-json\/wp\/v2\/product\/15725","targetHints":{"allow":["GET"]}}],"collection":[{"href":"https:\/\/sunay.pe\/index.php\/wp-json\/wp\/v2\/product"}],"about":[{"href":"https:\/\/sunay.pe\/index.php\/wp-json\/wp\/v2\/types\/product"}],"replies":[{"embeddable":true,"href":"https:\/\/sunay.pe\/index.php\/wp-json\/wp\/v2\/comments?post=15725"}],"version-history":[{"count":1,"href":"https:\/\/sunay.pe\/index.php\/wp-json\/wp\/v2\/product\/15725\/revisions"}],"predecessor-version":[{"id":15733,"href":"https:\/\/sunay.pe\/index.php\/wp-json\/wp\/v2\/product\/15725\/revisions\/15733"}],"wp:featuredmedia":[{"embeddable":true,"href":"https:\/\/sunay.pe\/index.php\/wp-json\/wp\/v2\/media\/15760"}],"wp:attachment":[{"href":"https:\/\/sunay.pe\/index.php\/wp-json\/wp\/v2\/media?parent=15725"}],"wp:term":[{"taxonomy":"product_cat","embeddable":true,"href":"https:\/\/sunay.pe\/index.php\/wp-json\/wp\/v2\/product_cat?post=15725"},{"taxonomy":"product_tag","embeddable":true,"href":"https:\/\/sunay.pe\/index.php\/wp-json\/wp\/v2\/product_tag?post=15725"}],"curies":[{"name":"wp","href":"https:\/\/api.w.org\/{rel}","templated":true}]}}